{"id":7285,"date":"2019-10-18T10:29:44","date_gmt":"2019-10-18T10:29:44","guid":{"rendered":"https:\/\/zutt.ch\/?page_id=7285"},"modified":"2020-04-20T07:35:43","modified_gmt":"2020-04-20T07:35:43","slug":"neuromarketing","status":"publish","type":"page","link":"https:\/\/zutt.ch\/blog\/de\/neuromarketing\/","title":{"rendered":"Neuromarketing"},"content":{"rendered":"<h1 class=\"h4\">Neuromarketing \u2013 Definition, Methoden und Tipps<\/h1>\n<h2>Neuromarketing \u2013 Wie Marken und Produkte im Hirn ankommen <\/h2>\n<p><img loading=\"lazy\" decoding=\"async\" src=\"https:\/\/zutt.ch\/blog\/wp-content\/uploads\/2019\/10\/zutt-neuromarketing-definition-praxis-projekte.jpg\" alt=\"Durchleuchtetes Konsumentengehirn im Neuromarketing\" width=\"640\" height=\"480\" class=\"aligncenter size-full wp-image-7307\" srcset=\"https:\/\/zutt.ch\/blog\/wp-content\/uploads\/2019\/10\/zutt-neuromarketing-definition-praxis-projekte.jpg 640w, https:\/\/zutt.ch\/blog\/wp-content\/uploads\/2019\/10\/zutt-neuromarketing-definition-praxis-projekte-300x225.jpg 300w\" sizes=\"auto, (max-width: 640px) 100vw, 640px\" \/><br \/>\nJeder Kaufentscheid der Konsumenten erfolgt zu \u00fcber 90 Prozent emotional. Diese und weitere Erkenntnisse aus der Neurologie und Psychologie bilden die Grundlage f\u00fcr einen einzigartigen Marketing-Ansatz \u2013 Das Neuromarketing. Im Fokus dieses Ansatzes steht die Frage, wie die Kaufentscheide der Konsumenten zustande kommen und welche Prozesse sie beeinflussen. Dabei geht es um den Einsatz von medizinischen und neuropsychologischen Instrumenten zur Ergr\u00fcndung von Hirnaktivit\u00e4ten und unterbewussten Wahrnehmungen sowie um die wissenschaftsbasierte emotionale Steuerung der Marketing-Massnahmen.<\/p>\n<p>Im Verlauf der vergangenen Jahre hat sich Neuromarketing von einer Nische zu einem bew\u00e4hrten Marketing-Ansatz entwickelt. Heute greifen selbst globale Unternehmen wie Coca-Cola, Apple oder Nestl\u00e9 regelm\u00e4ssig auf diesen Ansatz zur\u00fcck.<br \/>\n&nbsp;<\/p>\n<h2>Definition von Neuromarketing<\/h2>\n<p>Beim Neuromarketing geht es prim\u00e4r um die Entscheidungsfindung der Konsumenten, sowie ihre bewusste und unterbewusste Wahrnehmung von Marken- und Produktwelten. Im Bereich der Hirnforschung werden diese Prozesse seit Jahren untersucht. Die Erkenntnisse aus dieser Forschung wurden bald auch f\u00fcr Marketingfachleute interessant. Der Neuromarketing-Ansatz unterscheidet sich somit von anderen Vorgehensweisen, indem er auf eine starke wissenschaftliche Fundierung zur\u00fcckgreifen kann. Zudem ber\u00fccksichtigt er auch unterbewusste Prozesse im Konsumentenhirn \u2013 insbesondere Emotionen spielen daher eine zentrale Rolle.<br \/>\n&nbsp;<\/p>\n<h2>Methoden des Neuromarketing<\/h2>\n<p>Im Bereich Neuromarketing kommen zahlreiche unterschiedliche Methoden zum Einsatz. Darunter auch aufw\u00e4ndige Verfahren wie EEG oder fMRI. Diese Verfahren erlauben einen direkten Einblick in die Konsumentenhirne \u2013 sind in der Anwendung aber aufw\u00e4ndig und kostenintensiv. In der Praxis kommen daher vermehrt praktischere Methoden wie Eye-Tracking oder neuropsychologische Verfahren zur Anwendung.<\/p>\n<p>Ausgekl\u00fcgelte neuropsychologische Methoden basieren auf Erkenntnissen und Prinzipien aus der Neurologie (z.B. Pattern Matching, Sinnesbr\u00fccken etc.) und bilden dadurch h\u00f6chst wirksame und praxistaugliche Anwendungsm\u00f6glichkeiten. Ein Beispiel daf\u00fcr ist der EmoCompass\u00ae, welcher basierend auf wissenschaftlichen Erkenntnissen die unterbewussten Emotionen von (potenziellen) Kunden in Form eines Online-Tools mit Hilfe von codierten Formen und Farben einfangen kann.<\/p>\n<p><span class=\"zuttbutton\" style=\"color: #ffffff;\"><a style=\"color: #ffffff;\" href=\"https:\/\/zutt.ch\/blog\/de\/emocompass\/\" rel=\"noopener noreferrer\">&gt; Mehr \u00fcber den EmoCompass\u00ae erfahren<\/a><\/span><\/p>\n<p>&nbsp;<\/p>\n<h2>Beispiele aus der Praxis<\/h2>\n<p>Der Weg des Neuromarketings vom Forschungslabor in die Praxis ist f\u00fcr Unerfahrene teils schwer nachvollziehbar. Um den Ansatz zu verdeutlichen, hilft ein kurzes Beispiel:<\/p>\n<p>Die Unternehmung AGROLA betreibt gemeinsam mit der Volg Konsumwaren AG die Tankstellenshops \u00abTop Shop\u00bb. Eine Neugestaltung der Filialen sollte die Anspr\u00fcche der l\u00e4ndlichen Konsumenten treffen und dadurch mehr Umsatz generieren. Mithilfe des EmoCompass\u00ae konnte analysiert werden, was die emotionale Wunschvorstellung der Konsumenten ist. In Bezug auf diese Art von Tankstellenshop w\u00fcnschen sie sich einen regionalen Bezug sowie ein gewisses Kaffee- und B\u00e4ckerei-Feeling. Aufgrund dieser Ergebnisse konnte das neue Filial-Konzept entsprechend umgestaltet werden. <\/p>\n<p>Das Resultat war ein komplett neu emotionalisiertes Store-Konzept mit einer neu entwickelten Eigenmarken-Produktlinie. Der unterbewusste Konsumentenwunsch konnte dadurch getroffen werden \u2013 so stieg der Umsatz jeder umgebauten Filiale um 5% an.<\/p>\n<p><span class=\"zuttbutton\" style=\"color: #ffffff;\"><a style=\"color: #ffffff;\" href=\"https:\/\/zutt.ch\/blog\/de\/mein-projekt\/\" rel=\"noopener noreferrer\">&gt; Weitere Neuromarketing-Beispiele ansehen<\/a><\/span><\/p>\n<p>&nbsp;<\/p>\n<h2>Neuromarketing Trends und Events<\/h2>\n<p>Laufende technologische Fortschritte erlauben es, die Konsumentenhirne effizienter und pr\u00e4ziser zu untersuchen. Zudem werden solche Methoden auch preislich immer zug\u00e4nglicher. Dank diesen Weiterentwicklungen ist das Durchf\u00fchren einer Neuromarketing-Studie mittlerweile auch f\u00fcr kleinere Unternehmen attraktiv geworden. Ein spannender Neuromarketing-Einstieg bietet beispielsweise der Neuromarketing A\/B-Test, der mehrere Touchpoints (z.B. Kampagnen-Sujets oder Apps) in Form eines Pre-Tests auf dessen Wirksamkeit im Kundenhirn untersucht.<\/p>\n<p><span class=\"zuttbutton\" style=\"color: #ffffff;\"><a style=\"color: #ffffff;\" href=\"https:\/\/zutt.ch\/blog\/de\/neuromarketing-ab-test\/\" rel=\"noopener noreferrer\">&gt; Mehr \u00fcber den Neuromarketing A\/B-Test erfahren<\/a><\/span><\/p>\n<p>&nbsp;<br \/>\nAuch gibt es immer mehr Veranstaltungen zu diesem Thema. Oder Unternehmen und Marken, die in Form von Schulungen das Thema &#8222;Neuromarketing&#8220; ihren Mitarbeitern als f\u00fcnf-sinniges Erlebnis n\u00e4herbringen wollen. Diese M\u00f6glichkeit bietet beispielsweise Philipp Zutt, Managing Partner von ZUTT &#038; PARTNER AG.<\/p>\n<p><span class=\"zuttbutton\" style=\"color: #ffffff;\"><a style=\"color: #ffffff;\" href=\"https:\/\/zutt.ch\/blog\/de\/referate\/\" rel=\"noopener noreferrer\">&gt; Mehr \u00fcber Neuromarketing Schulungen erfahren<\/a><\/span><\/p>\n<p>&nbsp;<\/p>\n<h2>Buch, Studien und Link-Tipps<\/h2>\n<p>Rund um das Thema Neuromarketing gibt es zahlreiche aufschlussreiche B\u00fccher, Artikel und Blogs. Hier eine kurze Auswahl:<\/p>\n<p><strong>Martin Lindstrom<\/strong> &#8211; <a href=\"https:\/\/www.amazon.de\/Buyology-Warum-wir-kaufen-was\/dp\/3593389290\" target=\"_blank\" rel=\"noopener noreferrer\">Buyology: Warum wir kaufen, was wir kaufen<\/a><br \/>\n<strong>Christian Scheier und Dirk Held<\/strong> \u2013 <a href=\"https:\/\/www.amazon.de\/Wie-Werbung-wirkt-Erkenntnisse-Neuromarketing\/dp\/3648029517\" target=\"_blank\" rel=\"noopener noreferrer\">Wie Werbung wirkt<\/a><br \/>\n<strong>Roger Dooley<\/strong> &#8211; <a href=\"https:\/\/www.amazon.de\/Brainfluence-Neuromarketing-Konsumenten-%C3%BCberzeugen-Business\/dp\/3869365137\" target=\"_blank\" rel=\"noopener noreferrer\">Brainfluence<\/a><br \/>\n<strong>Roger Dooley<\/strong> \u2013 <a href=\"https:\/\/www.neurosciencemarketing.com\/blog\/home#\" target=\"_blank\" rel=\"noopener noreferrer\">Neuromarketing Blog<\/a><br \/>\n<strong>Nick Kolenda<\/strong> \u2013 <a href=\"http:\/\/nickkolenda.com\" target=\"_blank\" rel=\"noopener noreferrer\">Psychology &#038; Marketing Blog<\/a><br \/>\n<strong>Unravel<\/strong> &#8211; <a href=\"https:\/\/www.newneuromarketing.com\/\" target=\"_blank\" rel=\"noopener noreferrer\">New Neuro Marketing Blog<\/a><\/p>\n<p><span class=\"zuttbutton\" style=\"color: #ffffff;\"><a style=\"color: #ffffff;\" href=\"https:\/\/zutt.ch\/blog\/de\/studien\/\" rel=\"noopener noreferrer\">&gt; Markenvergleiche von ZUTT &#038; PARTNER durchst\u00f6bern<\/a><\/span><\/p>\n<h3>Video-Tipp<\/h3>\n<p>Die Dokumentation &#8222;Das automatisierte Gehirn&#8220; handelt davon, wie der Mensch wirklich tickt. Sie zeigt auf, wie stark und allt\u00e4glich unbewusste Entscheidungen sind und welche Einfl\u00fcsse sie auf unser Leben haben. Hier der Trailer zur Dokumentation und unten die beiden Links zur vollen Version:<\/p>\n<p><iframe loading=\"lazy\" width=\"560\" height=\"315\" src=\"https:\/\/www.youtube.com\/embed\/GuirgxC9LJo\" frameborder=\"0\" allow=\"accelerometer; autoplay; encrypted-media; gyroscope; picture-in-picture\" allowfullscreen><\/iframe><\/p>\n<p><strong>Vollst\u00e4ndige Dokumentation<\/strong>:<br \/>\n<a href=\"https:\/\/www.dailymotion.com\/video\/x22yii0\" target=\"_blank\" rel=\"noopener noreferrer\">Das automatische Gehirn \u2013 Teil 1<\/a><br \/>\n<a href=\"https:\/\/www.dailymotion.com\/video\/x22t9hv\" target=\"_blank\" rel=\"noopener noreferrer\">Das automatische Gehirn \u2013 Teil 2<\/a>\n<\/p>\n<p><span class=\"zuttbutton\" style=\"color: #ffffff;\"><a style=\"color: #ffffff;\" href=\"https:\/\/zutt.ch\/blog\/de\/newsletter\/\" rel=\"noopener noreferrer\">&gt; Unsere Studien abonnieren<\/a><\/span><\/p>\n<p>&nbsp;<\/p>\n<h2>Neuromarketing Studium<\/h2>\n<p>Zurzeit gibt es noch keinen einheitlichen Ausbildungsweg, um Neuromarketer zu werden. In diesem Fachbereich sind vor allem Neuromarketing-affine Marketing-Fachleute, Psychologen, Neurologen, Verhaltens\u00f6konomen und Designer zu finden. Auch sind in den letzten Jahren die ersten Vertiefungs-Studieng\u00e4nge entstanden, welche das notwendige Wissen vermitteln.<\/p>\n<p>Falls Sie ein hohes Interesse an und Wissen rund um Neuromarketing haben, k\u00f6nnten Sie hier einen ersten Schritt finden:<\/p>\n<p><span class=\"zuttbutton\" style=\"color: #ffffff;\"><a style=\"color: #ffffff;\" href=\"https:\/\/zutt.ch\/blog\/de\/ueber\/\" rel=\"noopener noreferrer\">&gt; Offene Stellen ansehen<\/a><\/span><\/p>\n<p>&nbsp;<\/p>\n<h2>Fazit<\/h2>\n<p>Produkte und Dienstleistungen werden immer austauschbarer, zudem versuchen immer mehr Unternehmen mit ihren Marketingmassnahmen die Aufmerksamkeit der Kunden zu erobern. Um sich hier noch erfolgreich differenzieren zu k\u00f6nnen, bedarf es eines ausgekl\u00fcgelten Ansatzes. Neuromarketing bietet einen hochwirksamen Weg, die Konsumenten nachhaltig zu erreichen und Marken wirklich zum emotionalen Favoriten zu machen. <\/p>\n","protected":false},"excerpt":{"rendered":"<p>Neuromarketing \u2013 Definition, Methoden und Tipps Neuromarketing \u2013 Wie Marken und Produkte im Hirn ankommen Jeder Kaufentscheid der Konsumenten erfolgt zu \u00fcber 90 Prozent emotional. Diese und weitere Erkenntnisse aus der Neurologie und Psychologie bilden die Grundlage f\u00fcr einen einzigartigen Marketing-Ansatz \u2013 Das Neuromarketing. Im Fokus dieses Ansatzes steht die Frage, wie die Kaufentscheide der [&hellip;]<\/p>\n","protected":false},"author":13,"featured_media":0,"parent":0,"menu_order":50,"comment_status":"closed","ping_status":"closed","template":"","meta":{"_acf_changed":false,"inline_featured_image":false,"footnotes":""},"class_list":["post-7285","page","type-page","status-publish","hentry"],"acf":[],"yoast_head":"<!-- This site is optimized with the Yoast SEO plugin v27.5 - https:\/\/yoast.com\/product\/yoast-seo-wordpress\/ -->\n<title>Neuromarketing \u2013 Definition, Methoden und Praxis-Tipps<\/title>\n<meta name=\"description\" content=\"Zahlreiche Erkenntnisse aus der Neurologie und Psychologie bilden die Grundlage f\u00fcr einen einzigartigen Marketing-Ansatz \u2013 Das Neuromarketing.\" \/>\n<meta name=\"robots\" content=\"index, follow, max-snippet:-1, max-image-preview:large, max-video-preview:-1\" \/>\n<link rel=\"canonical\" href=\"https:\/\/zutt.ch\/blog\/de\/neuromarketing\/\" \/>\n<meta property=\"og:locale\" content=\"de_DE\" \/>\n<meta property=\"og:type\" content=\"article\" \/>\n<meta property=\"og:title\" content=\"Neuromarketing \u2013 Definition, Methoden und Praxis-Tipps\" \/>\n<meta property=\"og:description\" content=\"Zahlreiche Erkenntnisse aus der Neurologie und Psychologie bilden die Grundlage f\u00fcr einen einzigartigen Marketing-Ansatz \u2013 Das Neuromarketing.\" \/>\n<meta property=\"og:url\" content=\"https:\/\/zutt.ch\/blog\/de\/neuromarketing\/\" \/>\n<meta property=\"og:site_name\" content=\"ZUTT &amp; PARTNER AG\" \/>\n<meta property=\"article:publisher\" content=\"https:\/\/www.facebook.com\/GlobalEmotionsForum\" \/>\n<meta property=\"article:modified_time\" content=\"2020-04-20T07:35:43+00:00\" \/>\n<meta property=\"og:image\" content=\"https:\/\/zutt.ch\/blog\/wp-content\/uploads\/2019\/10\/zutt-neuromarketing-definition-praxis-projekte.jpg\" \/>\n<meta name=\"twitter:card\" content=\"summary_large_image\" \/>\n<meta name=\"twitter:label1\" content=\"Gesch\u00e4tzte Lesezeit\" \/>\n\t<meta name=\"twitter:data1\" content=\"4\u00a0Minuten\" \/>\n<script type=\"application\/ld+json\" class=\"yoast-schema-graph\">{\"@context\":\"https:\\\/\\\/schema.org\",\"@graph\":[{\"@type\":\"WebPage\",\"@id\":\"https:\\\/\\\/zutt.ch\\\/blog\\\/de\\\/neuromarketing\\\/\",\"url\":\"https:\\\/\\\/zutt.ch\\\/blog\\\/de\\\/neuromarketing\\\/\",\"name\":\"Neuromarketing \u2013 Definition, Methoden und Praxis-Tipps\",\"isPartOf\":{\"@id\":\"https:\\\/\\\/zutt.ch\\\/blog\\\/#website\"},\"primaryImageOfPage\":{\"@id\":\"https:\\\/\\\/zutt.ch\\\/blog\\\/de\\\/neuromarketing\\\/#primaryimage\"},\"image\":{\"@id\":\"https:\\\/\\\/zutt.ch\\\/blog\\\/de\\\/neuromarketing\\\/#primaryimage\"},\"thumbnailUrl\":\"https:\\\/\\\/zutt.ch\\\/blog\\\/wp-content\\\/uploads\\\/2019\\\/10\\\/zutt-neuromarketing-definition-praxis-projekte.jpg\",\"datePublished\":\"2019-10-18T10:29:44+00:00\",\"dateModified\":\"2020-04-20T07:35:43+00:00\",\"description\":\"Zahlreiche Erkenntnisse aus der Neurologie und Psychologie bilden die Grundlage f\u00fcr einen einzigartigen Marketing-Ansatz \u2013 Das Neuromarketing.\",\"breadcrumb\":{\"@id\":\"https:\\\/\\\/zutt.ch\\\/blog\\\/de\\\/neuromarketing\\\/#breadcrumb\"},\"inLanguage\":\"de\",\"potentialAction\":[{\"@type\":\"ReadAction\",\"target\":[\"https:\\\/\\\/zutt.ch\\\/blog\\\/de\\\/neuromarketing\\\/\"]}]},{\"@type\":\"ImageObject\",\"inLanguage\":\"de\",\"@id\":\"https:\\\/\\\/zutt.ch\\\/blog\\\/de\\\/neuromarketing\\\/#primaryimage\",\"url\":\"https:\\\/\\\/zutt.ch\\\/blog\\\/wp-content\\\/uploads\\\/2019\\\/10\\\/zutt-neuromarketing-definition-praxis-projekte.jpg\",\"contentUrl\":\"https:\\\/\\\/zutt.ch\\\/blog\\\/wp-content\\\/uploads\\\/2019\\\/10\\\/zutt-neuromarketing-definition-praxis-projekte.jpg\",\"width\":640,\"height\":480,\"caption\":\"Durchleuchtetes Konsumentengehirn im Neuromarketing\"},{\"@type\":\"BreadcrumbList\",\"@id\":\"https:\\\/\\\/zutt.ch\\\/blog\\\/de\\\/neuromarketing\\\/#breadcrumb\",\"itemListElement\":[{\"@type\":\"ListItem\",\"position\":1,\"name\":\"Home\",\"item\":\"https:\\\/\\\/zutt.ch\\\/blog\\\/de\\\/\"},{\"@type\":\"ListItem\",\"position\":2,\"name\":\"Neuromarketing\"}]},{\"@type\":\"WebSite\",\"@id\":\"https:\\\/\\\/zutt.ch\\\/blog\\\/#website\",\"url\":\"https:\\\/\\\/zutt.ch\\\/blog\\\/\",\"name\":\"ZUTT &amp; PARTNER AG\",\"description\":\"Navigate Emotions\",\"publisher\":{\"@id\":\"https:\\\/\\\/zutt.ch\\\/blog\\\/#organization\"},\"potentialAction\":[{\"@type\":\"SearchAction\",\"target\":{\"@type\":\"EntryPoint\",\"urlTemplate\":\"https:\\\/\\\/zutt.ch\\\/blog\\\/?s={search_term_string}\"},\"query-input\":{\"@type\":\"PropertyValueSpecification\",\"valueRequired\":true,\"valueName\":\"search_term_string\"}}],\"inLanguage\":\"de\"},{\"@type\":\"Organization\",\"@id\":\"https:\\\/\\\/zutt.ch\\\/blog\\\/#organization\",\"name\":\"ZUTT & PARTNER AG\",\"url\":\"https:\\\/\\\/zutt.ch\\\/blog\\\/\",\"logo\":{\"@type\":\"ImageObject\",\"inLanguage\":\"de\",\"@id\":\"https:\\\/\\\/zutt.ch\\\/blog\\\/#\\\/schema\\\/logo\\\/image\\\/\",\"url\":\"https:\\\/\\\/zutt.ch\\\/blog\\\/wp-content\\\/uploads\\\/2018\\\/03\\\/Zutt-Partner-Logo.svg\",\"contentUrl\":\"https:\\\/\\\/zutt.ch\\\/blog\\\/wp-content\\\/uploads\\\/2018\\\/03\\\/Zutt-Partner-Logo.svg\",\"width\":1,\"height\":1,\"caption\":\"ZUTT & PARTNER AG\"},\"image\":{\"@id\":\"https:\\\/\\\/zutt.ch\\\/blog\\\/#\\\/schema\\\/logo\\\/image\\\/\"},\"sameAs\":[\"https:\\\/\\\/www.facebook.com\\\/GlobalEmotionsForum\",\"http:\\\/\\\/ch.linkedin.com\\\/company\\\/globalemotionsforum?trk=ppro_cprof\"]}]}<\/script>\n<!-- \/ Yoast SEO plugin. -->","yoast_head_json":{"title":"Neuromarketing \u2013 Definition, Methoden und Praxis-Tipps","description":"Zahlreiche Erkenntnisse aus der Neurologie und Psychologie bilden die Grundlage f\u00fcr einen einzigartigen Marketing-Ansatz \u2013 Das Neuromarketing.","robots":{"index":"index","follow":"follow","max-snippet":"max-snippet:-1","max-image-preview":"max-image-preview:large","max-video-preview":"max-video-preview:-1"},"canonical":"https:\/\/zutt.ch\/blog\/de\/neuromarketing\/","og_locale":"de_DE","og_type":"article","og_title":"Neuromarketing \u2013 Definition, Methoden und Praxis-Tipps","og_description":"Zahlreiche Erkenntnisse aus der Neurologie und Psychologie bilden die Grundlage f\u00fcr einen einzigartigen Marketing-Ansatz \u2013 Das Neuromarketing.","og_url":"https:\/\/zutt.ch\/blog\/de\/neuromarketing\/","og_site_name":"ZUTT &amp; PARTNER AG","article_publisher":"https:\/\/www.facebook.com\/GlobalEmotionsForum","article_modified_time":"2020-04-20T07:35:43+00:00","og_image":[{"url":"https:\/\/zutt.ch\/blog\/wp-content\/uploads\/2019\/10\/zutt-neuromarketing-definition-praxis-projekte.jpg","type":"","width":"","height":""}],"twitter_card":"summary_large_image","twitter_misc":{"Gesch\u00e4tzte Lesezeit":"4\u00a0Minuten"},"schema":{"@context":"https:\/\/schema.org","@graph":[{"@type":"WebPage","@id":"https:\/\/zutt.ch\/blog\/de\/neuromarketing\/","url":"https:\/\/zutt.ch\/blog\/de\/neuromarketing\/","name":"Neuromarketing \u2013 Definition, Methoden und Praxis-Tipps","isPartOf":{"@id":"https:\/\/zutt.ch\/blog\/#website"},"primaryImageOfPage":{"@id":"https:\/\/zutt.ch\/blog\/de\/neuromarketing\/#primaryimage"},"image":{"@id":"https:\/\/zutt.ch\/blog\/de\/neuromarketing\/#primaryimage"},"thumbnailUrl":"https:\/\/zutt.ch\/blog\/wp-content\/uploads\/2019\/10\/zutt-neuromarketing-definition-praxis-projekte.jpg","datePublished":"2019-10-18T10:29:44+00:00","dateModified":"2020-04-20T07:35:43+00:00","description":"Zahlreiche Erkenntnisse aus der Neurologie und Psychologie bilden die Grundlage f\u00fcr einen einzigartigen Marketing-Ansatz \u2013 Das Neuromarketing.","breadcrumb":{"@id":"https:\/\/zutt.ch\/blog\/de\/neuromarketing\/#breadcrumb"},"inLanguage":"de","potentialAction":[{"@type":"ReadAction","target":["https:\/\/zutt.ch\/blog\/de\/neuromarketing\/"]}]},{"@type":"ImageObject","inLanguage":"de","@id":"https:\/\/zutt.ch\/blog\/de\/neuromarketing\/#primaryimage","url":"https:\/\/zutt.ch\/blog\/wp-content\/uploads\/2019\/10\/zutt-neuromarketing-definition-praxis-projekte.jpg","contentUrl":"https:\/\/zutt.ch\/blog\/wp-content\/uploads\/2019\/10\/zutt-neuromarketing-definition-praxis-projekte.jpg","width":640,"height":480,"caption":"Durchleuchtetes Konsumentengehirn im Neuromarketing"},{"@type":"BreadcrumbList","@id":"https:\/\/zutt.ch\/blog\/de\/neuromarketing\/#breadcrumb","itemListElement":[{"@type":"ListItem","position":1,"name":"Home","item":"https:\/\/zutt.ch\/blog\/de\/"},{"@type":"ListItem","position":2,"name":"Neuromarketing"}]},{"@type":"WebSite","@id":"https:\/\/zutt.ch\/blog\/#website","url":"https:\/\/zutt.ch\/blog\/","name":"ZUTT &amp; PARTNER AG","description":"Navigate Emotions","publisher":{"@id":"https:\/\/zutt.ch\/blog\/#organization"},"potentialAction":[{"@type":"SearchAction","target":{"@type":"EntryPoint","urlTemplate":"https:\/\/zutt.ch\/blog\/?s={search_term_string}"},"query-input":{"@type":"PropertyValueSpecification","valueRequired":true,"valueName":"search_term_string"}}],"inLanguage":"de"},{"@type":"Organization","@id":"https:\/\/zutt.ch\/blog\/#organization","name":"ZUTT & PARTNER AG","url":"https:\/\/zutt.ch\/blog\/","logo":{"@type":"ImageObject","inLanguage":"de","@id":"https:\/\/zutt.ch\/blog\/#\/schema\/logo\/image\/","url":"https:\/\/zutt.ch\/blog\/wp-content\/uploads\/2018\/03\/Zutt-Partner-Logo.svg","contentUrl":"https:\/\/zutt.ch\/blog\/wp-content\/uploads\/2018\/03\/Zutt-Partner-Logo.svg","width":1,"height":1,"caption":"ZUTT & PARTNER AG"},"image":{"@id":"https:\/\/zutt.ch\/blog\/#\/schema\/logo\/image\/"},"sameAs":["https:\/\/www.facebook.com\/GlobalEmotionsForum","http:\/\/ch.linkedin.com\/company\/globalemotionsforum?trk=ppro_cprof"]}]}},"_links":{"self":[{"href":"https:\/\/zutt.ch\/blog\/wp-json\/wp\/v2\/pages\/7285","targetHints":{"allow":["GET"]}}],"collection":[{"href":"https:\/\/zutt.ch\/blog\/wp-json\/wp\/v2\/pages"}],"about":[{"href":"https:\/\/zutt.ch\/blog\/wp-json\/wp\/v2\/types\/page"}],"author":[{"embeddable":true,"href":"https:\/\/zutt.ch\/blog\/wp-json\/wp\/v2\/users\/13"}],"replies":[{"embeddable":true,"href":"https:\/\/zutt.ch\/blog\/wp-json\/wp\/v2\/comments?post=7285"}],"version-history":[{"count":17,"href":"https:\/\/zutt.ch\/blog\/wp-json\/wp\/v2\/pages\/7285\/revisions"}],"predecessor-version":[{"id":8149,"href":"https:\/\/zutt.ch\/blog\/wp-json\/wp\/v2\/pages\/7285\/revisions\/8149"}],"wp:attachment":[{"href":"https:\/\/zutt.ch\/blog\/wp-json\/wp\/v2\/media?parent=7285"}],"curies":[{"name":"wp","href":"https:\/\/api.w.org\/{rel}","templated":true}]}}